he prime factors of 2421?
3, 269
What are the prime factors of 54?
2, 3
List the prime factors of 164994.
2, 3, 107, 257
List the prime factors of 93.
3, 31
List the prime factors of 535.
5, 107
List the prime factors of 24918.
2, 3, 4153
What are the prime factors of 14413?
7, 29, 71
List the prime factors of 1667.
1667
List the prime factors of 456.
2, 3, 19
List the prime factors of 80256.
2, 3, 11, 19
List the prime factors of 1339.
13, 103
List the prime factors of 943.
23, 41
What are the prime factors of 1402?
2, 701
List the prime factors of 1042.
2, 521
What are the prime factors of 2780?
2, 5, 139
List the prime factors of 6272.
2, 7
What are the prime factors of 83984?
2, 29, 181
List the prime factors of 28273.
7, 577
What are the prime factors of 1310?
2, 5, 131
What are the prime factors of 12350?
2, 5, 13, 19
List the prime factors of 27947.
27947
What are the prime factors of 1077?
3, 359
What are the prime factors of 15258?
2, 3, 2543
What are the prime factors of 2639?
7, 13, 29
List the prime factors of 3287.
19, 173
List the prime factors of 55852.
2, 13963
List the prime factors of 10918.
2, 53, 103
List the prime factors of 3066.
2, 3, 7, 73
List the prime factors of 12703.
12703
What are the prime factors of 1122?
2, 3, 11, 17
What are the prime factors of 35770?
2, 5, 7, 73
What are the prime factors of 896?
2, 7
What are the prime factors of 3817?
11, 347
List the prime factors of 71944.
2, 17, 23
List the prime factors of 29345.
5, 5869
List the prime factors of 2350.
2, 5, 47
List the prime factors of 1109.
1109
What are the prime factors of 274?
2, 137
What are the prime factors of 507?
3, 13
What are the prime factors of 1203?
3, 401
What are the prime factors of 7104?
2, 3, 37
List the prime factors of 10819.
31, 349
List the prime factors of 46166.
2, 41, 563
List the prime factors of 14699.
14699
List the prime factors of 77863.
77863
What are the prime factors of 2916?
2, 3
List the prime factors of 36055.
5, 7211
List the prime factors of 30658.
2, 15329
What are the prime factors of 3956?
2, 23, 43
List the prime factors of 849.
3, 283
List the prime factors of 19491.
3, 73, 89
What are the prime factors of 5243?
7, 107
What are the prime factors of 42842?
2, 31, 691
What are the prime factors of 8245?
5, 17, 97
List the prime factors of 471.
3, 157
List the prime factors of 10877.
73, 149
List the prime factors of 1101.
3, 367
List the prime factors of 779.
19, 41
What are the prime factors of 32864?
2, 13, 79
What are the prime factors of 478?
2, 239
What are the prime factors of 7875?
3, 5, 7
List the prime factors of 55457.
55457
What are the prime factors of 9447?
3, 47, 67
What are the prime factors of 55802?
2, 27901
What are the prime factors of 4643?
4643
List the prime factors of 7056.
2, 3, 7
What are the prime factors of 1391?
13, 107
List the prime factors of 22448.
2, 23, 61
List the prime factors of 6603.
3, 31, 71
What are the prime factors of 5400?
2, 3, 5
List the prime factors of 30384.
2, 3, 211
What are the prime factors of 3746?
2, 1873
List the prime factors of 972.
2, 3
What are the prime factors of 2147?
19, 113
List the prime factors of 2315.
5, 463
List the prime factors of 7145.
5, 1429
What are the prime factors of 906?
2, 3, 151
List the prime factors of 1535.
5, 307
What are the prime factors of 5903?
5903
What are the prime factors of 5033?
7, 719
List the prime factors of 942.
2, 3, 157
What are the prime factors of 33614?
2, 7
What are the prime factors of 2230?
2, 5, 223
List the prime factors of 79698.
2, 3, 37, 359
List the prime factors of 258.
2, 3, 43
What are the prime factors of 2659?
2659
List the prime factors of 366.
2, 3, 61
What are the prime factors of 11443?
11443
List the prime factors of 6382.
2, 3191
What are the prime factors of 6806?
2, 41, 83
What are the prime factors of 962?
2, 13, 37
What are the prime factors of 1005?
3, 5, 67
What are the prime factors of 786?
2, 3, 131
List the prime factors of 6586.
2, 37, 89
What are the prime factors of 10275?
3, 5, 137
What are the prime factors of 5448?
2, 3, 227
What are the prime factors of 22148?
2, 7, 113
List the prime factors of 22301.
29, 769
What are the prime factors of 110927?
110927
List the prime factors of 2783.
11, 23
What are the prime factors of 6?
2, 3
List the prime factors of 64671.
3, 21557
List the prime factors of 7674.
2, 3, 1279
List the prime factors of 402.
2, 3, 67
What are the prime factors of 1395?
3, 5, 31
List the prime factors of 23248.
2, 1453
What are the prime factors of 333?
3, 37
What are the prime factors of 6629?
7, 947
List the prime factors of 791.
7, 113
List the prime factors of 3850.
2, 5, 7, 11
List the prime factors of 5267.
23, 229
List the prime factors of 20366.
2, 17, 599
What are the prime factors of 7670?
2, 5, 13, 59
What are the prime factors of 11946?
2, 3, 11, 181
List the prime factors of 2423.
2423
List the prime factors of 7818.
2, 3, 1303
List the prime factors of 188430.
2, 3, 5, 11, 571
List the prime factors of 50307.
3, 41, 409
What are the prime factors of 1561?
7, 223
What are the prime factors of 9684?
2, 3, 269
List the prime factors of 1209.
3, 13, 31
List the prime factors of 747.
3, 83
What are the prime factors of 9914?
2, 4957
What are the prime factors of 5689?
5689
List the prime factors of 3397.
43, 79
What are the prime factors of 109?
109
What are the prime factors of 14820?
2, 3, 5, 13, 19
List the prime factors of 39600.
2, 3, 5, 11
List the prime factors of 1819.
17, 107
List the prime factors of 15211.
7, 41, 53
List the prime factors of 6327.
3, 19, 37
List the prime factors of 9168.
2, 3, 191
What are the prime factors of 717?
3, 239
What are the prime factors of 24354?
2, 3, 11, 41
What are the prime factors of 658?
2, 7, 47
What are the prime factors of 5177?
31, 167
List the prime factors of 211.
211
List the prime factors of 830.
2, 5, 83
List the prime factors of 2700.
2, 3, 5
List the prime factors of 686.
2, 7
List the prime factors of 1688.
2, 211
What are the prime factors of 39643?
29, 1367
List the prime factors of 5855.
5, 1171
List the prime factors of 42673.
139, 307
List the prime factors of 1416.
2, 3, 59
List the prime factors of 43267.
7, 883
List the prime factors of 14568.
2, 3, 607
What are the prime factors of 13744?
2, 859
What are the prime factors of 56121?
3, 13, 1439
List the prime factors of 55701.
3, 2063
What are the prime factors of 17070?
2, 3, 5, 569
What are the prime factors of 2337?
3, 19, 41
What are the prime factors of 86001?
3, 109, 263
List the prime factors of 324.
2, 3
What are the prime factors of 8299?
43, 193
List the prime factors of 20509.
20509
What are the prime factors of 13019?
47, 277
List the prime factors of 13928.
2, 1741
List the prime factors of 2334.
2, 3, 389
List the prime factors of 30747.
3, 37, 277
List the prime factors of 2352.
2, 3, 7
What are the prime factors of 202?
2, 101
What are the prime factors of 2046?
2, 3, 11, 31
What are the prime factors of 1579?
1579
What are the prime factors of 760?
2, 5, 19
List the prime factors of 1330.
2, 5, 7, 19
List the prime factors of 1777.
1777
What are the prime factors of 25001?
23, 1087
What are the prime factors of 518?
2, 7, 37
What are the prime factors of 12031?
53, 227
List the prime factors of 19357.
13, 1489
List the prime factors of 533.
13, 41
What are the prime factors of 2414?
2, 17, 71
List the prime factors of 1580.
2, 5, 79
What are the prime factors of 840?
2, 3, 5, 7
What are the prime factors of 12366?
2, 3, 229
What are the prime factors of 76354?
2, 38177
List the prime factors of 739.
739
What are the prime factors of 48683?
89, 547
What are the prime factors of 2915?
5, 11, 53
List the prime factors of 3388.
2, 7, 11
What are the prime factors of 2100?
2, 3, 5, 7
What are the prime factors of 20242?
2, 29, 349
List the prime factors of 4096.
2
What are the prime factors of 42493?
11, 3863
What are the prime factors of 62671?
7, 1279
What are the prime factors of 2383?
2383
List the prime factors of 6491.
6491
List the prime factors of 17472.
2, 3, 7, 13
List the prime factors of 1102.
2, 19, 29
List the prime factors of 344.
2, 43
What are the prime factors of 1093?
1093
List the prime factor